{"id":69,"date":"2016-10-09T12:52:34","date_gmt":"2016-10-09T10:52:34","guid":{"rendered":"http:\/\/heilpraktikerin-hiller.de\/?page_id=69"},"modified":"2021-07-07T17:54:22","modified_gmt":"2021-07-07T17:54:22","slug":"beratung-und-begleitung-fuer-eltern-mit-schreibabys","status":"publish","type":"page","link":"https:\/\/heilpraktikerin-hiller.de\/?page_id=69","title":{"rendered":"Beratung und Begleitung f\u00fcr Eltern mit Schreibabys"},"content":{"rendered":"<div id=\"PAGES_CONTAINERbg\" class=\"s5bg\" data-reactid=\".0.$SITE_ROOT.$desktop_siteRoot.$PAGES_CONTAINER.1.0\"><\/div>\n<div id=\"PAGES_CONTAINERinlineContent\" class=\"s5inlineContent\" data-reactid=\".0.$SITE_ROOT.$desktop_siteRoot.$PAGES_CONTAINER.1.1\">\n<div id=\"SITE_PAGES\" class=\"s6\" data-reactid=\".0.$SITE_ROOT.$desktop_siteRoot.$PAGES_CONTAINER.1.1.$SITE_PAGES\">\n<div id=\"cero\" class=\"s89\" data-reactid=\".0.$SITE_ROOT.$desktop_siteRoot.$PAGES_CONTAINER.1.1.$SITE_PAGES.$cero\">\n<div id=\"ceroinlineContent\" class=\"s89inlineContent\" data-reactid=\".0.$SITE_ROOT.$desktop_siteRoot.$PAGES_CONTAINER.1.1.$SITE_PAGES.$cero.1\">\n<div id=\"icj4xu48_1\" class=\"s37\" data-reactid=\".0.$SITE_ROOT.$desktop_siteRoot.$PAGES_CONTAINER.1.1.$SITE_PAGES.$cero.1.$icj4xu48_1\">\n<div id=\"icj4xu48_1inlineContent\" class=\"s37inlineContent\" data-reactid=\".0.$SITE_ROOT.$desktop_siteRoot.$PAGES_CONTAINER.1.1.$SITE_PAGES.$cero.1.$icj4xu48_1.1\">\n<div id=\"icj4xu49\" class=\"s3\" data-reactid=\".0.$SITE_ROOT.$desktop_siteRoot.$PAGES_CONTAINER.1.1.$SITE_PAGES.$cero.1.$icj4xu48_1.1.$icj4xu49\">\n<p class=\"font_8\">Liebe Eltern \u2013 wenn Sie nicht mehr weiter wissen oder unsicher werden weil<\/p>\n<\/div>\n<\/div>\n<\/div>\n<div id=\"icj4xu4n\" class=\"s37\" data-reactid=\".0.$SITE_ROOT.$desktop_siteRoot.$PAGES_CONTAINER.1.1.$SITE_PAGES.$cero.1.$icj4xu4n\">\n<div id=\"icj4xu4ninlineContent\" class=\"s37inlineContent\" data-reactid=\".0.$SITE_ROOT.$desktop_siteRoot.$PAGES_CONTAINER.1.1.$SITE_PAGES.$cero.1.$icj4xu4n.1\">\n<div id=\"icj4xu4o\" class=\"s3\" data-reactid=\".0.$SITE_ROOT.$desktop_siteRoot.$PAGES_CONTAINER.1.1.$SITE_PAGES.$cero.1.$icj4xu4n.1.$icj4xu4o\">\n<ul class=\"font_7\">\n<li>\n<p class=\"font_7\">\u2026 Ihr Baby viel schreit und es sich nur schwer beruhigen l\u00e4sst<\/p>\n<\/li>\n<li>\n<p class=\"font_7\">&#8230; es m\u00fcde zu sein scheint, aber nicht in den Schlaf findet<\/p>\n<\/li>\n<li>\n<p class=\"font_7\">&#8230; es unruhig und unzufrieden zu sein scheint aber alle Beruhigungsversuche nicht helfen<\/p>\n<\/li>\n<\/ul>\n<ul class=\"font_7\">\n<li>\n<p class=\"font_7\">&#8230; es sich anders verh\u00e4lt, als Sie es erwarten<\/p>\n<\/li>\n<\/ul>\n<ul class=\"font_7\">\n<li>\n<p class=\"font_7\">&#8230; es schwierig ist ihr Kind zu stillen, oder es Ess- und F\u00fctterst\u00f6rungen gibt<\/p>\n<\/li>\n<li>\n<p class=\"font_7\">\u2026 Sie sich \u00fcberfordert f\u00fchlen durch unstillbares Schreien ihres Kindes<\/p>\n<\/li>\n<\/ul>\n<ul class=\"font_7\">\n<li>\n<p class=\"font_7\">\u2026 Sie das Gef\u00fchl haben ihr Kind k\u00f6nnte von einer Regulationsst\u00f6rung betroffen sein<\/p>\n<\/li>\n<li>&#8230; Sie das Gef\u00fchl haben alles was Sie \u00fcber KISS-Kinder lesen trifft auf ihr Kind zu<br \/>\n&nbsp;<\/p>\n<p>dann wenden Sie sich gerne an mich. Wir schauen gemeinsam nach m\u00f6glichen Ursachen und ich berate Sie und leite Sie im Handling mit ihrem Kind in dieser speziellen Situation an. Wenn n\u00f6tig, therapiere ich ihr Kind individuell mit den mir vertrauten Behandlungstechniken und begleite Ihre Familie durch diese schwierige Zeit.<\/li>\n<\/ul>\n<\/div>\n<\/div>\n<\/div>\n<\/div>\n<\/div>\n<\/div>\n<\/div>\n","protected":false},"excerpt":{"rendered":"<p>Liebe Eltern \u2013 wenn Sie nicht mehr weiter wissen oder unsicher werden weil \u2026 Ihr Baby viel schreit und es sich nur schwer beruhigen l\u00e4sst &#8230; es m\u00fcde zu sein scheint, aber nicht in den Schlaf findet &#8230; es unruhig und unzufrieden zu sein scheint aber alle Beruhigungsversuche nicht helfen &#8230; es sich anders verh\u00e4lt, &hellip; <a href=\"https:\/\/heilpraktikerin-hiller.de\/?page_id=69\" class=\"more-link\"><span class=\"screen-reader-text\">\u201eBeratung und Begleitung f\u00fcr Eltern mit Schreibabys\u201c <\/span>weiterlesen<\/a><\/p>\n","protected":false},"author":3,"featured_media":0,"parent":8,"menu_order":2,"comment_status":"closed","ping_status":"closed","template":"","meta":{"footnotes":""},"class_list":["post-69","page","type-page","status-publish","hentry"],"yoast_head":"<!-- This site is optimized with the Yoast SEO plugin v27.6 - https:\/\/yoast.com\/product\/yoast-seo-wordpress\/ -->\n<title>Beratung und Begleitung f\u00fcr Eltern mit Schreibabys - Naturheilpraxis Hiller<\/title>\n<meta name=\"robots\" content=\"index, follow, max-snippet:-1, max-image-preview:large, max-video-preview:-1\" \/>\n<link rel=\"canonical\" href=\"https:\/\/heilpraktikerin-hiller.de\/?page_id=69\" \/>\n<meta property=\"og:locale\" content=\"de_DE\" \/>\n<meta property=\"og:type\" content=\"article\" \/>\n<meta property=\"og:title\" content=\"Beratung und Begleitung f\u00fcr Eltern mit Schreibabys - Naturheilpraxis Hiller\" \/>\n<meta property=\"og:description\" content=\"Liebe Eltern \u2013 wenn Sie nicht mehr weiter wissen oder unsicher werden weil \u2026 Ihr Baby viel schreit und es sich nur schwer beruhigen l\u00e4sst &#8230; es m\u00fcde zu sein scheint, aber nicht in den Schlaf findet &#8230; es unruhig und unzufrieden zu sein scheint aber alle Beruhigungsversuche nicht helfen &#8230; es sich anders verh\u00e4lt, &hellip; \u201eBeratung und Begleitung f\u00fcr Eltern mit Schreibabys\u201c weiterlesen\" \/>\n<meta property=\"og:url\" content=\"https:\/\/heilpraktikerin-hiller.de\/?page_id=69\" \/>\n<meta property=\"og:site_name\" content=\"Naturheilpraxis Hiller\" \/>\n<meta property=\"article:modified_time\" content=\"2021-07-07T17:54:22+00:00\" \/>\n<meta name=\"twitter:card\" content=\"summary_large_image\" \/>\n<meta name=\"twitter:label1\" content=\"Gesch\u00e4tzte Lesezeit\" \/>\n\t<meta name=\"twitter:data1\" content=\"1\u00a0Minute\" \/>\n<script type=\"application\/ld+json\" class=\"yoast-schema-graph\">{\"@context\":\"https:\\\/\\\/schema.org\",\"@graph\":[{\"@type\":\"WebPage\",\"@id\":\"https:\\\/\\\/heilpraktikerin-hiller.de\\\/?page_id=69\",\"url\":\"https:\\\/\\\/heilpraktikerin-hiller.de\\\/?page_id=69\",\"name\":\"Beratung und Begleitung f\u00fcr Eltern mit Schreibabys - Naturheilpraxis Hiller\",\"isPartOf\":{\"@id\":\"https:\\\/\\\/heilpraktikerin-hiller.de\\\/#website\"},\"datePublished\":\"2016-10-09T10:52:34+00:00\",\"dateModified\":\"2021-07-07T17:54:22+00:00\",\"breadcrumb\":{\"@id\":\"https:\\\/\\\/heilpraktikerin-hiller.de\\\/?page_id=69#breadcrumb\"},\"inLanguage\":\"de\",\"potentialAction\":[{\"@type\":\"ReadAction\",\"target\":[\"https:\\\/\\\/heilpraktikerin-hiller.de\\\/?page_id=69\"]}]},{\"@type\":\"BreadcrumbList\",\"@id\":\"https:\\\/\\\/heilpraktikerin-hiller.de\\\/?page_id=69#breadcrumb\",\"itemListElement\":[{\"@type\":\"ListItem\",\"position\":1,\"name\":\"Home\",\"item\":\"https:\\\/\\\/heilpraktikerin-hiller.de\\\/\"},{\"@type\":\"ListItem\",\"position\":2,\"name\":\"Angebote und Therapien\",\"item\":\"https:\\\/\\\/heilpraktikerin-hiller.de\\\/?page_id=8\"},{\"@type\":\"ListItem\",\"position\":3,\"name\":\"Beratung und Begleitung f\u00fcr Eltern mit Schreibabys\"}]},{\"@type\":\"WebSite\",\"@id\":\"https:\\\/\\\/heilpraktikerin-hiller.de\\\/#website\",\"url\":\"https:\\\/\\\/heilpraktikerin-hiller.de\\\/\",\"name\":\"Naturheilpraxis Hiller\",\"description\":\"\",\"potentialAction\":[{\"@type\":\"SearchAction\",\"target\":{\"@type\":\"EntryPoint\",\"urlTemplate\":\"https:\\\/\\\/heilpraktikerin-hiller.de\\\/?s={search_term_string}\"},\"query-input\":{\"@type\":\"PropertyValueSpecification\",\"valueRequired\":true,\"valueName\":\"search_term_string\"}}],\"inLanguage\":\"de\"}]}<\/script>\n<!-- \/ Yoast SEO plugin. -->","yoast_head_json":{"title":"Beratung und Begleitung f\u00fcr Eltern mit Schreibabys - Naturheilpraxis Hiller","robots":{"index":"index","follow":"follow","max-snippet":"max-snippet:-1","max-image-preview":"max-image-preview:large","max-video-preview":"max-video-preview:-1"},"canonical":"https:\/\/heilpraktikerin-hiller.de\/?page_id=69","og_locale":"de_DE","og_type":"article","og_title":"Beratung und Begleitung f\u00fcr Eltern mit Schreibabys - Naturheilpraxis Hiller","og_description":"Liebe Eltern \u2013 wenn Sie nicht mehr weiter wissen oder unsicher werden weil \u2026 Ihr Baby viel schreit und es sich nur schwer beruhigen l\u00e4sst &#8230; es m\u00fcde zu sein scheint, aber nicht in den Schlaf findet &#8230; es unruhig und unzufrieden zu sein scheint aber alle Beruhigungsversuche nicht helfen &#8230; es sich anders verh\u00e4lt, &hellip; \u201eBeratung und Begleitung f\u00fcr Eltern mit Schreibabys\u201c weiterlesen","og_url":"https:\/\/heilpraktikerin-hiller.de\/?page_id=69","og_site_name":"Naturheilpraxis Hiller","article_modified_time":"2021-07-07T17:54:22+00:00","twitter_card":"summary_large_image","twitter_misc":{"Gesch\u00e4tzte Lesezeit":"1\u00a0Minute"},"schema":{"@context":"https:\/\/schema.org","@graph":[{"@type":"WebPage","@id":"https:\/\/heilpraktikerin-hiller.de\/?page_id=69","url":"https:\/\/heilpraktikerin-hiller.de\/?page_id=69","name":"Beratung und Begleitung f\u00fcr Eltern mit Schreibabys - Naturheilpraxis Hiller","isPartOf":{"@id":"https:\/\/heilpraktikerin-hiller.de\/#website"},"datePublished":"2016-10-09T10:52:34+00:00","dateModified":"2021-07-07T17:54:22+00:00","breadcrumb":{"@id":"https:\/\/heilpraktikerin-hiller.de\/?page_id=69#breadcrumb"},"inLanguage":"de","potentialAction":[{"@type":"ReadAction","target":["https:\/\/heilpraktikerin-hiller.de\/?page_id=69"]}]},{"@type":"BreadcrumbList","@id":"https:\/\/heilpraktikerin-hiller.de\/?page_id=69#breadcrumb","itemListElement":[{"@type":"ListItem","position":1,"name":"Home","item":"https:\/\/heilpraktikerin-hiller.de\/"},{"@type":"ListItem","position":2,"name":"Angebote und Therapien","item":"https:\/\/heilpraktikerin-hiller.de\/?page_id=8"},{"@type":"ListItem","position":3,"name":"Beratung und Begleitung f\u00fcr Eltern mit Schreibabys"}]},{"@type":"WebSite","@id":"https:\/\/heilpraktikerin-hiller.de\/#website","url":"https:\/\/heilpraktikerin-hiller.de\/","name":"Naturheilpraxis Hiller","description":"","potentialAction":[{"@type":"SearchAction","target":{"@type":"EntryPoint","urlTemplate":"https:\/\/heilpraktikerin-hiller.de\/?s={search_term_string}"},"query-input":{"@type":"PropertyValueSpecification","valueRequired":true,"valueName":"search_term_string"}}],"inLanguage":"de"}]}},"jetpack_sharing_enabled":true,"jetpack_shortlink":"https:\/\/wp.me\/PaMsx0-17","_links":{"self":[{"href":"https:\/\/heilpraktikerin-hiller.de\/index.php?rest_route=\/wp\/v2\/pages\/69","targetHints":{"allow":["GET"]}}],"collection":[{"href":"https:\/\/heilpraktikerin-hiller.de\/index.php?rest_route=\/wp\/v2\/pages"}],"about":[{"href":"https:\/\/heilpraktikerin-hiller.de\/index.php?rest_route=\/wp\/v2\/types\/page"}],"author":[{"embeddable":true,"href":"https:\/\/heilpraktikerin-hiller.de\/index.php?rest_route=\/wp\/v2\/users\/3"}],"replies":[{"embeddable":true,"href":"https:\/\/heilpraktikerin-hiller.de\/index.php?rest_route=%2Fwp%2Fv2%2Fcomments&post=69"}],"version-history":[{"count":4,"href":"https:\/\/heilpraktikerin-hiller.de\/index.php?rest_route=\/wp\/v2\/pages\/69\/revisions"}],"predecessor-version":[{"id":153,"href":"https:\/\/heilpraktikerin-hiller.de\/index.php?rest_route=\/wp\/v2\/pages\/69\/revisions\/153"}],"up":[{"embeddable":true,"href":"https:\/\/heilpraktikerin-hiller.de\/index.php?rest_route=\/wp\/v2\/pages\/8"}],"wp:attachment":[{"href":"https:\/\/heilpraktikerin-hiller.de\/index.php?rest_route=%2Fwp%2Fv2%2Fmedia&parent=69"}],"curies":[{"name":"wp","href":"https:\/\/api.w.org\/{rel}","templated":true}]}}